ose s = 6*b - 11 - 133. What is the tens digit of b?
2
Let p = 6881 + -3887. What is the thousands digit of p?
2
Let o be (-2)/4*24/(-3). Suppose i = -3*i - 2*w + 20, -4*w = -o*i + 20. Let b = i - 3. What is the units digit of b?
2
Suppose -2*b = 2*b - 12. Suppose n - b*n + 66 = 0. What is the units digit of n?
3
Let k = 87 + 279. What is the units digit of k?
6
Suppose -u = -10*u + 4122. Suppose i - u = -i - 2*g, 4*i - g = 936. What is the tens digit of i?
3
Suppose 8*r = -0*r - 56. What is the units digit of (-2)/(9/(-4) - (r - -5))?
8
Let f = -30 - -35. Suppose -f*p + 256 - 76 = 0. What is the tens digit of p?
3
Let a(f) = 20*f - 72. What is the units digit of a(10)?
8
Let y = 1917 + -1013. What is the tens digit of y?
0
Suppose 40 = 5*x + 4*o, 3*x + 0*o = o + 24. Let b(c) = c**3 - 9*c**2 + 9*c - 5. What is the units digit of b(x)?
3
Let v be 1 - 9/7 - 206/(-721). Let j(n) = 0 + 2 - n**3 + n + 0*n. What is the units digit of j(v)?
2
Let a be -7*(-1)/1 - 2. Suppose 0*y = y - a. Suppose -y*f - 41 = -g, -5*g + 0*f = 2*f - 124. What is the units digit of g?
6
Suppose 3*y + 5*j - 10 = -2*y, y - 3*j = 2. Suppose y*q = -5 + 87. Let i = q - 25. What is the tens digit of i?
1
Let k(m) = 74*m**2 - 3*m - 6. Let i be k(-2). Suppose 0 = -13*d + 146 + i. What is the tens digit of d?
3
Let m(k) = -174*k - 12. Let l be m(-9). What is the units digit of l/28 - (-3)/2?
7
Let m = 6835 + -2062. What is the thousands digit of m?
4
Let v(a) = -a**3 - 5*a**2 + 5*a + 6. Let o be v(-5). Let j = o - -27. Let w = 20 - j. What is the tens digit of w?
1
Suppose 0 = 20*m - 457 - 383. What is the units digit of m?
2
Suppose 5 = j + 5*w - 0*w, -4*w + 20 = 4*j. Suppose -3*f = -j*r + 10, r + 20 = 5*f - 0*r. Let h = 13 - f. What is the units digit of h?
8
Let y(m) be the first derivative of 86*m**3/3 - m**2 + 2*m + 11. What is the tens digit of y(1)?
8
Suppose -42*g + 4*s = -44*g + 6214, -s = -5*g + 15568. What is the thousands digit of g?
3
Let a = 7731 + -4488. What is the tens digit of a?
4
Let x = -26 + 29. Let n(a) be the third derivative of a**6/60 - a**5/60 + a**4/8 - a**3/3 + 8*a**2. What is the units digit of n(x)?
2
Let j be 9 - (-1795)/20 - (-1)/4. Let q = j + -91. What is the units digit of q?
8
What is the tens digit of 327/3 + (-25)/(-5)?
1
Let q(a) = -a**3 + 3*a**2. Let s be q(3). Let k be (s + 3 + -4)/(-1). What is the units digit of 219/6 + k/2?
7
Let o = 1862 - 1423. What is the hundreds digit of o?
4
Let j = -12 - -12. Suppose 4 = -j*i + 2*i. Suppose -i*y + 3*h + 12 = 8*h, 5*y - 61 = 3*h. What is the units digit of y?
1
Let p(n) = n + 1. Let o be p(3). Suppose -q + 5*q = -2*u + 26, 4*u + 8 = o*q. What is the tens digit of (4/u)/(2/66)?
4
What is the tens digit of 67/((-35)/70*(-1)/16)?
4
Let k = 225 + -121. Let o = 196 - k. What is the units digit of o?
2
Suppose 0 = -29*q + 34*q. Suppose 3*o = p + 2*o - 38, -2*p - 5*o + 55 = q. What is the tens digit of p?
3
Suppose 0 = 5*w - 45*l + 42*l - 24300, -w = -2*l - 4860. What is the tens digit of w?
6
Let o(k) = -k**3 + 10*k**2 - 5*k - 4. Suppose -2*l = -0 - 2, 3*t - 55 = -l. Let r = t + -9. What is the units digit of o(r)?
2
Let o be ((-30)/25)/3 + 1404/10. Suppose -10*v - o = -2000. What is the tens digit of v?
8
Suppose 0 = -5*o - 37 - 148. Let y = o - -65. What is the tens digit of y?
2
Let h be 4/5 - 1204/(-20). Let t = h + -29. What is the units digit of t?
2
Let d(f) = 30*f**2 + 14*f - 88. What is the tens digit of d(5)?
3
Let y(l) = -65*l - 28. Let h be y(-11). What is the hundreds digit of (h + 0)*(-4)/(-12)?
2
Suppose g + 1 = -5*s + 18, g + 7 = 3*s. Let z = -12 + 17. Suppose 124 = 4*w - z*t - 44, -s*w + 115 = -t. What is the tens digit of w?
3
Let v(g) = g - 22. Let q be v(25). What is the tens digit of (1 - 108 - -1)*(-3)/q?
0
What is the hundreds digit of 2/8 + (-24497)/(-44) - 1?
5
Let y(m) = -2*m**2 - 32*m + 66. What is the tens digit of y(-16)?
6
Suppose 4*m + 45 = 9. Let s(y) = y - 4 + 1 - 4 - 2*y. What is the units digit of s(m)?
2
Suppose 0*a + 6264 = 18*a. What is the hundreds digit of a?
3
Suppose 0 = 2*n + 6*n - 32. Suppose 0 = n*u + 3 - 23. Suppose -2*h - 3*h = 3*a - 160, 5*h = u*a - 280. What is the units digit of a?
5
Let n(c) be the first derivative of -5*c**2/2 + 5*c - 2. What is the units digit of n(-9)?
0
Let i(h) = -h**2 + 13*h + 25. Let g be i(15). What is the hundreds digit of 2 - 24/15 - 498/g?
1
Suppose 2*y = 5*a - 18 - 7, -a + y = -8. Let g(c) = -2*c**3 + 2*c + 0*c**a - 6*c**2 - c - 4*c. What is the tens digit of g(-4)?
4
Let q(r) = -r + 3*r**2 - r**2 + 3*r**2 + 28 - 27. Let i = -5 - -3. What is the tens digit of q(i)?
2
Suppose 72 + 130 = -5*h + 4*w, 2*h = -4*w - 92. Let m = 81 + h. What is the tens digit of m?
3
Suppose -5*p + 3*p - 20 = 4*v, -3*p + 20 = -4*v. Suppose -2*a = 4*d - 10, 5*d = -5*a - p*d + 30. Suppose -12*w = -a*w - 95. What is the tens digit of w?
1
Let i(x) = -x + 3. Let c be i(-3). Let o = c - 11. Let p(j) = j**2 + 3*j - 1. What is the units digit of p(o)?
9
What is the tens digit of 4/(-6)*(-53676)/24?
9
Let d be (-14)/(-56) + -1*1/4. Suppose p = -d*p + 3, w + p - 90 = 0. What is the units digit of w?
7
Suppose 0 = g + 4*g - 20. Suppose -l + x + g = 0, 0*x - 8 = -5*l + x. What is the units digit of l?
1
Let v(k) = 2*k - 11. Let s(q) = q + 1. Let n(p) = 6*s(p) - v(p). What is the units digit of n(-3)?
5
Suppose 6*a = 10*a - 204. Let u = a + 6. What is the units digit of u?
7
Let g(q) = -q**2 + 2*q + 2. Suppose 3 = -8*i + 5*i. Let s be g(i). Let t(r) = 50*r**2 - 3*r - 1. What is the units digit of t(s)?
2
Let g = 341 + 146. Suppose f - 5*y - 213 = 0, -3*f + 136 + g = y. What is the tens digit of f?
0
What is the tens digit of ((-436)/3)/(14/(-42))?
3
Let p(k) be the third derivative of 0 - 3*k**3 + 1/8*k**4 - k**2 + 1/120*k**6 - 4/15*k**5 + 0*k. What is the tens digit of p(16)?
3
Suppose z = -2*i + 1118, -2*i = -0*i - 4*z - 1138. Suppose -n + i = 4*o - 0*n, 12 = -4*n. What is the tens digit of o?
4
Suppose -1209 + 292 = -t. What is the units digit of t?
7
Suppose 5*y + x - 15172 = -4049, -x - 8902 = -4*y. What is the units digit of y?
5
Let r = 69 + -67. Suppose -4*p = x - 483, r*x = -8 - 2. What is the tens digit of p?
2
Let d = -39 - -35. Let q(o) = 12*o**2 - 5*o - 4. What is the hundreds digit of q(d)?
2
Let i(d) = 47*d - 1. Let z be i(1). Suppose -5*c = -3*c - z. What is the tens digit of c?
2
Let b be (-16)/(-24)*45/2. Suppose -2*s - 3*m - b = -4*m, 5*s - 5*m = -35. Let f = s - -24. What is the units digit of f?
6
Let q = -9 + 12. Suppose 0 = -4*n - q*p + 16, -4*p - 2 = -3*n + 10. What is the tens digit of (29*n)/4*1?
2
Let d = -161 - -688. What is the hundreds digit of d?
5
Let f = 181 - 176. What is the units digit of f?
5
Suppose -t + 3*d + 161 = 0, -8 = 2*t - 4*d - 328. Suppose -3*r + 2*l + t = 0, -3*r = -3*l + 4*l - 155. What is the tens digit of r?
5
What is the tens digit of 16/(2 + -4)*-71?
6
Let y = -10 + 11. What is the units digit of 435/5 - (-1 + -3)*y?
1
Suppose 14*i - 1541 = -351. What is the units digit of i?
5
Suppose 2*r - 60 = -5*z, -3*z + 8*z = 2*r + 60. Let m be (-22)/3 + (-8)/z. Let n = m - -9. What is the units digit of n?
1
Let j = -3893 - -7570. What is the thousands digit of j?
3
Suppose -2*j + 5*z + 109 = 0, 37*j - z + 205 = 42*j. What is the tens digit of j?
4
What is the units digit of (38/8)/(5*(-6)/(-360))?
7
Let m = -86 - -90. Let q = -3 + 5. Suppose 7 = 5*f + 2*n, -m*f + q*f - 3*n = 6. What is the units digit of f?
3
Suppose -23*v + 22*v = -131. Suppose v*n - 424 = 129*n. What is the tens digit of n?
1
Suppose 15*t = -313 + 478. What is the tens digit of t?
1
Let j(o) = -o**3 + 8*o**2 + 6*o + 3. Let y(g) = -g**2 - 8*g - 7. Let d be y(-5). What is the units digit of j(d)?
1
Suppose 0 = -2*x + 6, 3240 = 4*i - 3*x - x. What is the units digit of i?
3
Let x be 0 - (-8)/(0 - -2). Suppose -k - 2 = -x. What is the units digit of (-1 + k)/(-1) + 2?
1
Suppose -2*m = 17 - 9. What is the tens digit of 0/(-2) - (m - 24)?
2
Suppose 2*s = -5*i - 9 - 7, -i + 4 = 0. Let n = 32 + s. What is the units digit of (-49 + -1)/(n + -16)?
5
Let n be (78/10)/((-3)/(-15)) + -1. Let z = n + 44. What is the units digit of z?
2
Suppose 5*z + 8 = 3*y - 12, -z = 3*y + 4. Suppose 5*i = -y*i + 540. What is the hundreds digit of i?
1
Let h be (-60)/(-18)